 6 + 12. Let b = 16 - 30. Let l = i - b. What are the prime factors of l?
5
Suppose 739 = 2*b - 4205. What are the prime factors of b?
2, 3, 103
Let z(n) = n - 9. Suppose -2*q + 28 = -5*x, 0 = 4*q + q - 3*x - 51. Let s be z(q). Suppose 4*a - 252 + 72 = s. List the prime factors of a.
3, 5
Let g(m) = -m**2 + 21*m + 51. Let k be g(25). Let h = 88 + k. What are the prime factors of h?
3, 13
Let r(f) = -f**3 + 19*f**2 + 29*f + 2. List the prime factors of r(20).
2, 7, 13
Let v(q) be the first derivative of -7*q**2 + 3*q + 8. Let s be v(-4). Suppose 0 = -4*w - 20, -l = 3*l + w - s. List the prime factors of l.
2
Let p(v) = -2 + 2*v + v + 13*v**2 + v**3 - 22*v**2. Let z be p(9). Suppose -2*a + z + 7 = 0. List the prime factors of a.
2
Suppose -4*u - 4 + 16 = 0. Suppose 5*l = a - 203, 0 = -u*a + 2*l + 476 + 133. What are the prime factors of a?
7, 29
Let c be 436 - -2 - (-1 - -4). Suppose 0 = 5*v - 1100 + c. What are the prime factors of v?
7, 19
Let g(f) = -f**3 - 3*f**2 + 6*f + 1. Let z be g(-6). Suppose 2*h - z = -11. List the prime factors of h.
31
Let r = 105 + -113. What are the prime factors of (-28)/r*18 - 3?
2, 3, 5
Let f = -28 - -27. List the prime factors of (7/7)/(f/(-15)).
3, 5
Suppose -3*n - 2*r = -5*n + 970, 4*n - 1904 = -5*r. What are the prime factors of n?
13, 37
Let f(s) = -4 - 3*s + 6*s + 2*s + 7*s. Let z be f(3). Suppose 5*h - h + 5*d = z, 0 = 4*d + 16. What are the prime factors of h?
13
Suppose 5*g - 10*g = 30. Let o(s) = -s**2 - 10*s - 9. Let i be o(g). Let v(q) = 3*q - 21. List the prime factors of v(i).
2, 3
Suppose -r + 3*h - 17 = -5*r, 5*h + 30 = 5*r. Suppose 0 = 4*y - 3*c - 6, -r*c - 15 + 5 = y. List the prime factors of 5*(3 + (y - 1)).
2, 5
Suppose -283 - 5717 = -12*y. What are the prime factors of y?
2, 5
Let j = -14 - -26. Let k be ((-4)/j)/(5/2085). Let t = -82 - k. List the prime factors of t.
3, 19
Suppose 1219 + 61 = 10*m. What are the prime factors of m?
2
Suppose 4*s + 0*s = -3*d + 7167, d = -s + 2388. List the prime factors of d.
3, 5, 53
Let o(i) = i**2 + 8*i - 2. Let c(p) = 2*p + 2. Let v be c(2). Let b be o(v). Suppose b = 3*r - 2*f + 27, -4*f = r - 37. List the prime factors of r.
3, 7
Suppose -2*s + 0*s - 4*w = -16, -w - 2 = -s. Let o be 28 - ((-6)/2 + s). Suppose 3*z - 54 = o. What are the prime factors of z?
3
Let h(j) = -j - 1. Suppose 3*f + g - 2*g = -12, 4*f + 16 = -3*g. Let k be h(f). Let l(s) = -s**3 + 4*s**2 + 2*s - 3. What are the prime factors of l(k)?
2, 3
Let a = -15 - -23. Suppose -12*k + 100 = -a*k. Suppose -k = -0*i - i. What are the prime factors of i?
5
Let w(u) = -u**3 + 9*u**2 + 12*u - 16. Let v be w(10). Suppose v*q - 336 = 320. List the prime factors of q.
2, 41
Suppose -4*f - 2*f = -2028. What are the prime factors of f?
2, 13
Let m(q) = -q**2 + 18*q + 1432. List the prime factors of m(0).
2, 179
What are the prime factors of 9/36 + ((-6035)/(-4))/1?
3, 503
Let a(n) = 7*n + 6. Let g be a(-5). Let h = 59 + g. What are the prime factors of h?
2, 3, 5
Let m(d) = 26*d - 65. Let k(v) = -17*v + 43. Let a(z) = 7*k(z) + 5*m(z). What are the prime factors of a(10)?
2, 43
Let r = 492 + 1860. List the prime factors of r.
2, 3, 7
Suppose -2*r = -3*l + 16, -5*r = -2*l + 1 + 17. Let y be (-6)/4 + 15/10. Suppose y = d + 4, l = p - 2*d - 26. List the prime factors of p.
2, 11
Let g = 314 + 111. What are the prime factors of g?
5, 17
Let z = 4 + 0. Suppose 8 = b + z. Suppose 2*c - b*q = -3 + 13, 0 = 2*c - 5*q - 8. What are the prime factors of c?
3
What are the prime factors of (-4778)/(-7) - ((-16)/28)/(-1)?
2, 11, 31
Let x(k) = 8*k**3 + 2*k**2 - 3*k - 2. Let a be -1*3/(-9)*6. What are the prime factors of x(a)?
2
Suppose -4*v + v = -654. List the prime factors of v.
2, 109
Let o = 139 - 133. Suppose -369 = -o*g + 225. List the prime factors of g.
3, 11
Suppose -3*m + 31 = p + 8, -3*p - 3 = 0. Let v be -3 + 1 - (-1 - m). Suppose -v*s = -4*s - 36. What are the prime factors of s?
2, 3
Let o(n) be the first derivative of -n**3/3 + n**2/2 + 3*n - 9. Let s be o(7). List the prime factors of 3 - 7 - (s - 0).
5, 7
Let y(f) = 81*f**3 + 3*f**2 - 5*f + 13. What are the prime factors of y(2)?
3, 13, 17
Suppose 4*f = 5*v - 6*v + 853, 0 = 4*f - 20. What are the prime factors of v?
7, 17
Suppose 5*g - 1731 = b, -3*g - 4*b + 630 = -404. What are the prime factors of g?
2, 173
List the prime factors of (-31)/31*(174 + -1)*-7.
7, 173
Let y = 705 + 425. What are the prime factors of y?
2, 5, 113
Suppose -48 = -4*a + 16*l - 12*l, -4*l + 24 = 4*a. What are the prime factors of a?
3
Suppose x - 65 = 738. What are the prime factors of x?
11, 73
Let c(g) = g**3 - 2*g**2 - 11*g + 33. What are the prime factors of c(10)?
3, 241
Let o(x) = x + 8. Let z be o(-4). Suppose -j = z*j - 150. What are the prime factors of j?
2, 3, 5
Suppose 3*k + 148 = n, -n - 54 = k + n. Let d = 162 + k. List the prime factors of d.
2, 7
Let k(q) = q**3 - q**2 - q - 1. Let r(l) = 13*l**3 - 2*l**2 + l. Let o(x) = 3*k(x) - r(x). List the prime factors of o(-2).
3
Let b be (30/5)/(4 + -2). Suppose b*o = 10*o - 672. What are the prime factors of o?
2, 3
Let h be (-112)/18 + (-2)/(-9). Let m be h/14 - (-846)/14. Suppose m = 2*t + 3*t. What are the prime factors of t?
2, 3
Let d be (0 - (2 + -3))*12. Let g(x) = -5*x. Let s be g(-1). Suppose s - d = -j. List the prime factors of j.
7
What are the prime factors of ((-2)/10)/((-2)/2290)?
229
Let w = 9 - 14. Let t(q) = 8*q**2 + 11*q + 35. What are the prime factors of t(w)?
2, 3, 5
Suppose -7*k = -163 - 4247. List the prime factors of k.
2, 3, 5, 7
Let y(n) = n**3 - 4*n**2 - 5*n - 7. Let q be y(5). What are the prime factors of q/((-35)/(-220))*-1?
2, 11
Suppose -18 = -5*u + 4*k, 0 = 2*u + 4*k - 0*k - 24. Let n = u + -14. What are the prime factors of n/3*60/(-16)?
2, 5
Let v be (-1)/2 + (-1270)/(-20). Let l = v - 22. List the prime factors of l.
41
Suppose 0 = 5*r - 5*a - 55, 4*a - 37 = -3*r + 9*a. What are the prime factors of r?
3
Let h be (-24)/(-21)*28/8. Suppose -2*d - 208 = -4*c, 0 = 5*c - 4*c + h*d - 43. Suppose 77 = 4*w - 5*y, 5*y + 44 + c = 5*w. List the prime factors of w.
2, 3
Let q(r) = -4 - 5*r + 2*r - 27*r**3 + 55*r**3 + 5*r**2 - 26*r**3. What are the prime factors of q(2)?
2, 13
Let v(m) = 9*m**2 - 11*m + 14. Let d be (-9)/(-2) - (-27)/18. List the prime factors of v(d).
2, 17
Suppose -2*d = -4 - 4. Suppose -d*y - a = -424, 4*a - 25 = -9. What are the prime factors of 8/(40/y) + 2?
23
Let n(w) = 5*w**2 - 20*w + 3. Let g be n(4). Suppose -12*q = -g*q - 2115. What are the prime factors of q?
5, 47
Let p = 19 + 574. What are the prime factors of p?
593
Suppose 7*u - 1359 + 141 = 0. Let b = u - -28. List the prime factors of b.
2, 101
Suppose -725 = -4*q + 875. Suppose 3*p - 8*p + q = 0. List the prime factors of p.
2, 5
Let q = 93 + 217. List the prime factors of q.
2, 5, 31
Let h be (-2)/((-8)/12 - 0). Suppose 30 = -u + 2*u + 4*p, 3*p + 60 = h*u. What are the prime factors of u?
2, 11
Let y = -2 + 5. Suppose -d + y*i = d - 76, 2*d - 4*i = 76. Suppose 11 = -p + d. What are the prime factors of p?
3
Let x = 20 - 18. Suppose x*f = 3*f - 143. List the prime factors of f.
11, 13
Let z(r) = 5 - 23*r + 34*r - 18*r. Let a be z(-4). Suppose -5*p = -5*d + 145, 3*d - p - 120 = -a. List the prime factors of d.
29
Let f be (6/18)/(1/279). Suppose 323 = 8*n - f. List the prime factors of n.
2, 13
What are the prime factors of 1183/3 - (-12)/(-36)?
2, 197
Let y(w) = -w**3 + 16*w**2 - 15*w + 6. Let k = 12 + 3. Let j be y(k). Let b = j + 31. List the prime factors of b.
37
Let a = -1457 + 2598. What are the prime factors of a?
7, 163
Let l = 3520 - 1597. What are the prime factors of l?
3, 641
Let d(m) = -14*m + 10. Suppose u = 5*w + 52, 0*u = -2*w + 3*u - 26. What are the prime factors of d(w)?
2, 3, 5
Let a(q) = q**2 - 10*q - 5. Let z be a(-10). Let d = -109 + z. List the prime factors of d.
2, 43
Suppose 4*g + 84 = 10*g. Let d = g + 45. Let q = -30 + d. What are the prime factors of q?
29
Let r be ((-4)/3)/1 + (-4)/(-3). Suppose 3*o - 4*o + 21 = r. List the prime factors of o.
3, 7
Let g(x) = -8*x**3 - 3*x**2 - 2*x - 9. Let f(h) = -7*h**3 - 4*h**2 - 2*h - 9. Let z(q) = 7*f(q) - 6*g(q). List the prime factors of z(-10).
11
Let b = -46 - -426. List the prime factors of b.
2, 5, 19
Let u = 2949 + -1411. L